*r + 37. Let o(w) = w**3 - 8*w**2 + 9*w - 5. Let i be o(r). What is the highest common factor of 189 and i?
9
Let l = -3293 - -3707. Calculate the highest common factor of 483 and l.
69
Suppose 155 + 365 = 5*v. Let l be 67 + (15 - (9 - 5)). Calculate the highest common divisor of l and v.
26
Suppose 3*j = 9*j + 858. Let z = -93 - j. What is the highest common divisor of z and 30?
10
Let m = 17040 - 7512. What is the greatest common factor of m and 48?
24
Let i be (-9 + 9 + -1)*131. Let t = i - -171. Calculate the greatest common divisor of 160 and t.
40
Let v = -1692 - -1200. Let q = -476 - v. Calculate the highest common factor of 688 and q.
16
Let o(m) = -m**3 + m + 138. Let l be o(0). Let a = l - 109. What is the greatest common divisor of 58 and a?
29
Let p(a) be the first derivative of a**2 + 14*a + 9. Let o be p(0). Let v be 1308/7 + 2/o. What is the greatest common factor of v and 17?
17
Let p(u) = -239*u + 13. Let f be p(-1). What is the greatest common factor of 448 and f?
28
Let w(x) = -x**2 - 5*x + 23. Let p = -16 + 9. Let k be w(p). Let b be -7 + k + (-1 - -167). What is the greatest common divisor of b and 21?
21
Suppose -32*k + 28*k + 92 = 0. Let z = 393 - 370. What is the highest common divisor of k and z?
23
Let n(m) = 936*m - 923. Let t be n(1). What is the highest common factor of t and 2951?
13
Let k(a) = -15*a - 6. Let b be k(-4). Let l = -105069 - -105357. What is the highest common factor of b and l?
18
Let n = -82 + 61. Let m be 55/3 - (-2 - n/9). Calculate the highest common factor of 126 and m.
18
Suppose 0 = -0*z - 3*z + 300. Let c(f) = -5*f**2 - 32*f - 2. Let h be c(-1). What is the greatest common divisor of h and z?
25
Suppose 3*w - 3*u - 104 = 67, 0 = w - 2*u - 50. Calculate the highest common divisor of 124 and w.
4
Suppose 0 = 4*g - 0*g + p - 313, -3*g = p - 236. Let q be (16/(-56))/((-1)/g). Calculate the greatest common divisor of q and 22.
22
Let o(l) = -l**2 + 6*l + 50. Let b(y) = 2*y**3 - 3*y**2 + 9*y - 22. Let u be b(2). Let i be o(u). Calculate the greatest common divisor of 70 and i.
10
Let i be ((-119)/3)/((-356)/4272). Calculate the greatest common divisor of 308 and i.
28
Let u be -1 - -11 - (-5 + 13). Suppose -5*r - u*v = -40, -2*r + 2*v = -0*v - 30. What is the greatest common divisor of r and 20?
10
Suppose -87*s - 55*s = -215556. Calculate the greatest common divisor of s and 88.
22
Let h(p) = 64*p - 26. Let l be h(-14). Let u = l - -1381. Calculate the greatest common factor of u and 51.
51
Suppose -6*q = 12*q - 486. Suppose -q*b + 4680 = -7*b. What is the highest common factor of 18 and b?
18
Suppose 3*k - 10 = -5*g + 173, 0 = 5*k + g - 283. Suppose 3*f - 3*q = 150, f + 4*q + k = 2*f. Let j = -6 + 9. Calculate the highest common factor of f and j.
3
Let l = 78 + -75. Suppose 0 = -3*o + 9, 2*o - l = -w + 7. Suppose w*p = c - 20, -3*p - p = 5*c - 100. What is the highest common factor of 60 and c?
20
Let o be 304/((5/(-5))/(38/(-4))). Calculate the greatest common factor of o and 24.
8
Let q be (18/(-45))/(3/(-1140)). Suppose 5*o - q = 268. Calculate the highest common divisor of o and 36.
12
Suppose 3*c + 5*m - 181 = -76, -5*m = 4*c - 145. Suppose -28 = -5*j + 5*h + 7, 0 = -5*j + 4*h + c. Calculate the highest common divisor of j and 42.
6
Let b = 1623 - 1548. What is the highest common factor of 135 and b?
15
Let r = 12 - 7. Suppose 7*v - 130 = 6*v. Calculate the highest common factor of v and r.
5
Suppose -105*l + 156 = 38*l - 702. Suppose 0 = 5*v - 44 - 6. Suppose -v*n = -12*n + l. Calculate the highest common divisor of 24 and n.
3
Let n = -3285 + 3289. Calculate the greatest common factor of n and 230.
2
Suppose -3*x = -k + 1 + 4, 4*x + k = 5. Suppose g - i = 17 - 1, 2*g - i - 32 = x. Let f be -98*(-8)/16 - -7. Calculate the greatest common factor of f and g.
8
Suppose 0 = 108*g - 27*g - 1944. What is the greatest common factor of g and 129?
3
Suppose 4*v - 3 = 3*v. Suppose 5*d - v*y + 0*y - 229 = 0, -184 = -4*d + 2*y. Suppose 11*q - 278 = -d. What is the highest common factor of 42 and q?
21
Suppose 5*j + 4*q = -5, -4*q = 5*j - 4*j + 1. Let m be (j - (-4 - -1)) + 0. Let s be 257 - 3*(m - 3). Calculate the highest common divisor of s and 26.
26
Suppose 34580 = 9*j + 181*j. What is the highest common divisor of 70 and j?
14
Let h(y) = -9*y + 21. Let v be h(2). Suppose 4*x = -o - 18, -14 = 4*x - 0*x + v*o. Let l be -2*(30 - -2)*5/x. What is the greatest common divisor of 48 and l?
16
Let i(s) = -23*s - 66. Suppose -5*l + q = 94, -74*l + q + 20 = -75*l. Let h be i(l). Calculate the greatest common factor of 53 and h.
53
Suppose 4922 = -938*g + 109978. Suppose -2*l = -5*l + 144. What is the greatest common factor of l and g?
16
Let x be 12 + 6 + (-1053822)/(-21). What is the highest common factor of 25 and x?
25
Suppose -16 = 4*o, r - 2*o - 204 = -r. Let h = 1 - 18. Let i = 11 - h. Calculate the highest common factor of i and r.
14
Let c be (2 + -1)/((12/(-28))/(-3)). Let u(w) = -14*w**2 + 0 - c + 15*w**2. Let j be u(5). Calculate the greatest common factor of j and 45.
9
Let q(t) = -4*t**2 + 82*t - 243. Let u be q(16). What is the greatest common factor of 13005 and u?
45
Let u(i) = i**3 - i**2 + i - 6. Let k be u(3). Suppose -3*f = -5*g + 603, 2*g + 2*f = f + 239. Calculate the highest common divisor of g and k.
15
Suppose 4*f - 5*h = 23, 3*h + 4 = 2*f - h. Let y = 27 - f. Let z = -3586301 + 3586436. Calculate the greatest common divisor of z and y.
15
Suppose 2*j + 2*g = 1290, 19*g = -2*j + 20*g + 1302. What is the highest common divisor of j and 59?
59
Suppose 4*m - 22787 = -q, -2*m - 4776 + 16174 = 2*q. Calculate the highest common factor of 89 and m.
89
Suppose 0 = 11*p - 2*p - 8550. Suppose -18*b + p = -22. What is the highest common divisor of 54 and b?
54
Let d be (-9)/18 + 375/6. Suppose d = 5*j - 3*k, 23 = j - k + 11. Calculate the highest common divisor of 247 and j.
13
Suppose 0 = -13*o - 237 + 549. Let u be 3188/o - 1/(-6). Calculate the greatest common divisor of 28 and u.
7
Let w = -38 - -44. Let f(r) = 1 - 4*r + 4*r**2 + w - r**3 + 20*r + 7*r**2. Let c be f(12). What is the highest common factor of 5 and c?
5
Suppose 0 = -5*u + 14*u. Suppose u = 3*z - 45 + 30. Calculate the highest common factor of 380 and z.
5
Let w be (-9218)/(-8) - (2/(-24) + (-6)/(-18)). Calculate the highest common divisor of 9 and w.
9
Suppose 364*b + 455455 = 399*b. What is the highest common divisor of b and 7?
7
Let r(u) = 242*u + 4. Let p be r(2). Let x = -380 + p. What is the greatest common divisor of x and 12?
12
Suppose -3*w - 6 = -j - 4*w, -2*j + 20 = 4*w. Suppose 5*c = q + j, 0*q = q + 3*c + 2. Let m be 35 + 6/(-3)*q. Calculate the highest common factor of m and 26.
13
Let p be -10*76/24 - 2/6. Let k = 33 + p. Let o(w) = w**3 + 7*w**2 - 8*w + 1. Let n be o(-8). What is the greatest common divisor of k and n?
1
Let t = -3445 - -3463. Let x be (12/(-15))/(1/5). Let n(g) = g + 6. Let w be n(x). Calculate the highest common divisor of w and t.
2
Suppose -10*n + 8 = -12. Let u be (-4)/5*-2*30/12. Suppose u*p + 3 = -n*g + 1, -3*p = 2*g. Calculate the greatest common divisor of g and 4.
1
Let q be (-2)/37 + 45993/37. What is the highest common divisor of q and 11?
11
Let q(w) = -w**2 + 21*w + 75. Let h be q(23). Let m(p) = 23*p**2 - 2*p - 10. Let r be m(-3). What is the greatest common divisor of r and h?
29
Suppose 51 = 8*x - 421. Let r(o) = -o**2 + 3*o + 9. Let c be r(7). Let k = c + x. What is the highest common divisor of 5 and k?
5
Suppose 63 = 9*k - 1772 - 1. What is the highest common divisor of k and 1581?
51
Let p = -8041 - -8522. What is the highest common factor of 185 and p?
37
Let v = 37 - 33. Suppose 2*x - p = 259, 5*x - v*x - 157 = -5*p. What is the highest common factor of 48 and x?
12
Let w = -194 + 232. Suppose 2*q + w = 54. What is the highest common divisor of q and 208?
8
Let g = -210 + 11. Let v = g + 244. What is the highest common factor of v and 10?
5
Let r(w) = w**3 + 17*w**2 - 19*w - 6. Let z be r(-18). Suppose u - 366 = -4*i - 22, i - 5 = 0. Calculate the greatest common divisor of u and z.
12
Let z(v) = v**3 + 20*v**2 - 29*v - 31. Let n be z(-21). Let a(r) = -n*r + 146*r - 2 - 16 + 0. Let c be a(3). Calculate the highest common divisor of 18 and c.
9
Let o = -2143 + 265